 (-1 - 4)?
-4
What is (-3 - (0 + 2)) + -47 + 52?
0
Evaluate -2 - ((11 - 3) + -15).
5
Evaluate -2 + 3 - 4 - (2 - 4).
-1
What is the value of 6 + -25 + 21 + -8?
-6
What is the value of (7 - 9 - -6) + -6 + -2?
-4
Evaluate -1 - 0 - (-2 - -1) - 3.
-3
Evaluate 7 + (-3 - (2 - 3 - 0)).
5
What is (0 - -10) + -15 + (17 - 5)?
7
Evaluate 0 + -3 + 11 + -11.
-3
What is (-2 - 6) + (-5 - -3) + 6?
-4
What is the value of (2 + -1 - 2) + -2 + -1?
-4
What is the value of (0 - -7) + (7 - 11)?
3
Calculate 13 - (11 + 1) - 9.
-8
Calculate 6 + 0 - (6 + 1 + -2).
1
What is the value of -5 + (-4 - (4 + -21))?
8
What is the value of (12 - 3 - 3) + -12?
-6
What is -3 + (-2 - -8) + 1 + -3?
1
Calculate -1 - (3 - 0) - -3.
-1
What is the value of -6 + 5 + -3 + 3 + 3?
2
What is the value of 3 + -8 + 0 - (-2 + 2)?
-5
0 + 2 - (-7 + -15 - -17)
7
What is -45 - -41 - (-3 + 1 + 0)?
-2
Calculate -6 - -11 - (-1 - -2).
4
What is the value of (-1 - 2) + -1 - (-12 - -9)?
-1
Calculate -8 + 4 - (-2 + 0).
-2
Calculate -2 + -10 - (4 - (-2 + 12)).
-6
-3 - (2 + -13 + (6 - 3))
5
What is the value of 19 - 17 - (-2 + 2)?
2
-5 + 7 + 1 + (-11 - -3)
-5
What is the value of -35 - -30 - (-1 - 1)?
-3
What is the value of 4 + 1 + -29 + 10 + 11?
-3
What is the value of -5 - (-1 - 4) - (1 - 0)?
-1
Evaluate 2 + -8 + 3 + 0.
-3
-4 + -1 - (1 + 6 + -7)
-5
Calculate 10 - (-1 + 5) - (2 + -1).
5
-4 - ((-1 - -1) + (-8 - 0))
4
-10 - -6 - (9 + -5)
-8
Calculate 0 - (2 + -3 - 1) - 4.
-2
Calculate 9 + (-18 - (-10 + 6)).
-5
Evaluate -1 - 5 - (3 + -13).
4
What is the value of (-3 - -5) + 6 + -5?
3
Calculate 0 + (4 + -1 - 7).
-4
What is the value of (-5 - -2) + 21 + -25?
-7
What is the value of -8 - 6 - -4 - -16?
6
-8 - (-14 + 12) - -7
1
Calculate -25 + 22 + (-1 - 5) + 5.
-4
Calculate 2 + (-9 - -7) + (-1 - 1).
-2
Evaluate 1 - -1 - (25 - 26) - 2.
1
What is (2 - 3) + 2 + -6?
-5
Calculate 2 - (-1 + -2 + 8 + -6).
3
Calculate 1 + 3 + -1 + -1 + 1.
3
What is -1 - ((-1 - 1) + 5)?
-4
What is 10 - (10 + 0) - 7?
-7
Calculate (-1 - (8 + -8)) + 6.
5
Calculate (1 - -3) + (25 - 36) - 1.
-8
What is 3 - 7 - -2 - -4 - -3?
5
What is the value of -2 + (4 - -1) + (0 - -2)?
5
Evaluate -9 + -1 + (6 - 0 - 1).
-5
Evaluate 2 + -2 + 4 - (-105 - -101).
8
What is 27 + -12 + 8 + -20?
3
What is 12 + (-16 + 19 - (0 + 8))?
7
0 + -2 + -11 + 22 + -13
-4
Calculate -3 - ((1 - -2 - 1) + -10).
5
Evaluate -22 + 13 + 11 - (6 + -1).
-3
-2 + (6 - (-7 - -7 - -11))
-7
What is the value of 5 - (5 - 0) - (5 + -3)?
-2
(10 - 3) + (0 - 0) + -2
5
What is the value of (1 - 6) + 4 + (0 - 2)?
-3
Evaluate -2 + (-15 + 9 - -8).
0
What is the value of -5 + -5 + 13 + -2?
1
Evaluate 2 - (2 + (-7 - (0 - 3))).
4
What is the value of (-2 - -9) + -20 + 24 + -3?
8
What is (1 + 2 - (-10 + 15)) + -5?
-7
-3 - (-2 + (0 - 3)) - 0
2
Evaluate 1 + -8 - (-1 - -4 - 3).
-7
Evaluate (13 - 7 - (5 + -6)) + 0.
7
(-6 - -2) + 16 + -14
-2
Calculate 1 - 3 - (6 - 0 - 5).
-3
(4 + -9 - -3) + 5
3
(-10 - (-4 + -1)) + 11
6
What is the value of -4 + (-4 - 0) + 5 + 3?
0
What is (2 - 1) + (-16 - (-2 + -8))?
-5
What is the value of -1 + (8 - 12 - (-5 - 0))?
0
What is the value of (-2 + 7 - 8) + 9?
6
Evaluate -3 - (-4 + 4 + 1 + -4).
0
What is the value of -4 - 0 - (-3 + -6)?
5
(-1 - (1 - 10)) + -9
-1
What is the value of (-1 - -2) + (-1 - 5 - -2)?
-3
Calculate (2 + -18 - 2) + 9.
-9
Evaluate -13 - -13 - (0 - -1).
-1
Calculate 3 + (-4 - -5) + -1.
3
Calculate 2 + -9 + (-6 - -8).
-5
Evaluate -3 - (-6 + (-5 - 1 - -9)).
0
Calculate (8 - -1) + 37 + -46.
0
-5 + (2 - -1) + 1
-1
What is the value of -1 - (7 - (-8 + 2 - -7))?
-7
What is the value of 23 + -23 + -1 + 6?
5
Calculate (-11 - (1 - 0)) + 5.
-7
What is 5 - (-1 + -4 - -16) - -3?
-3
What is -2 - -3 - (-5 - -3 - -3)?
0
Evaluate 6 - (-6 + 1 - -8).
3
Calculate 2 - (-3 - -2 - -8) - -11.
6
(0 - 0) + 7 + -11 + 4
0
2 + (-5 - (-6 - 1))
4
Calculate 3 + 2 - (-2 - (-8 - -2)).
1
Evaluate -4 + 9 + (-4 - 3).
-2
Evaluate -2 + -1 + 3 + -3 + 6.
3
What is -8 + 8 + 3 + -5 + 10?
8
Evaluate 3 - -1 - (-2 + 2 - -8).
-4
What is the value of -1 + (-1 - ((1 - -5) + -5))?
-3
Calculate (4 - (1 - -1)) + 11 + -7.
6
3 - -1 - (3 - 2 - -1)
2
Evaluate -10 + 7 - (-2 - 4 - 1).
4
Calculate -4 + (-1 - (-3 - 0)).
-2
Evaluate -11 + 5 + 5 + -2.
-3
What is the value of (7 + -2 - 0) + -4?
1
-1 + (5 - 2 - 3) - -2
1
-9 + 6 + -1 - -1
-3
6 + 2 + -5 - (-2 + 3)
2
12 + -11 - 22 - -13
-8
Calculate -1 - (0 - (-8 + 3)).
-6
Evaluate 10 + -5 + 3 - (5 + -1).
4
What is 5 - (1 - (1 - 6))?
-1
What is (-8 - 1) + (-5 + 14 - 5)?
-5
Evaluate -6 - -2 - (-2 + -4).
2
What is the value of -5 + 3 + 1 + -4 + 2?
-3
What is -6 - (0 - -4) - -6?
-4
What is 115 + -104 + -8 + 0?
3
5 + -19 + -7 + 12
-9
Evaluate 10 - (10 - (-6 - -12)) - 3.
3
9 - (8 - (8 + -8))
1
What is 7 - ((-3 - 1) + 3 + 10)?
-2
-19 - -16 - (0 - (-2 - -6))
1
What is 1 - (-1 - (7 + -3 + -10))?
-4
Evaluate -1 + (-7 + 3 - 5).
-10
Evaluate (2 - 1) + 2 + (-4 - 0).
-1
Evaluate 5 + 4 + -3 + (9 - 9).
6
Evaluate -8 - -7 - (8 + 0) - -6.
-3
What is 6 - 11 - (-8 - -6)?
-3
Evaluate 2 + 2 + 0 + (-13 - -12).
3
What is -8 - (50 + -49 - (0 + 0))?
-9
Evaluate -6 - ((10 - 8) + -6).
-2
What is the value of 12 + -20 + (10 - -4)?
6
Evaluate -4 + 3 + 3 + -1 + -4.
-3
What is the value of (0 - 2) + 8 + -8 + -3?
-5
What is the value of -9 - (-1 + -2 - (1 + 1))?
-4
Evaluate 4 - 10 - 3 - -3.
-6
8 + -7 + 4 - 7
-2
What is the value of (-5 - -2 - 1 - -4) + 2?
2
Calculate -5 + (-7 - -8 - (0 - 1)).
-3
13 - (4 - (-6 + 6 + -4))
5
Evaluate -6 + (-2 + 1 - -11) + 1.
5
What is the value of 2 - 1 - (-5 - -13)?
-7
What is (0 - -4) + -15 + 5 + 8?
2
What is the value of (2 - 4) + -3 + 8 + -3?
0
Calculate -2 + (0 - 4 - (2 + -4)).
-4
Evaluate 0 + 5 + 32 + -31.
6
What is -3 + (-1 + 4 + 5 - 4)?
1
Calculate -2 + 3 - (0 + 1 - -5).
-5
Evaluate 0 - 0 - -3 - (-1 + 1).
3
What is the value of 6 - -1 - 4 - 3?
0
(-3 - (0 - 3)) + -3 - 2
-5
Calculate -4 + (-8 - -7) - -13.
8
Evaluate (-3 - 1) + (-6 - -13).
3
What is (0 - -4 - 2) + -3 + -4?
-5
(2 + 0 - (-5 + 7)) + -3
-3
What is the value of 0 + 3 + -2 + -4 + 8?
5
Calculate 52 + -46 + (-1 - (-6 - -3)).
8
What is the value of -1 + -4 - 0 - -4?
-1
Calculate (-7 + 2 - -13) + -5.
3
Evaluate 0 - -5 - 9 - -7 - -3.
6
What is the value of 71 + -70 - (0 - -3)?
-2
1 + -3 + 1 + 5 + -7
-3
What is the value of 3 + (9 - 10) - 5?
-3
What is the value of -7 + 1 + 0 + -12 + 16?
-2
Evaluate (-8 - -5) + (2 - 1) + 4.
2
What is the value of -8 + 0 - (2 - (-6 - -10))?
-6
What is (1 - 3) + 7 + -8 - -5?
2
What is the value of (-11 - (7 - 8)) + 4?
-6
Evaluate -1 + 4 - (43 - 44).
4
What is (12 - 14) + 7 - (0 + 8)?
-3
What is the value of -6 + (11 - (1 + 3)) - 6?
-5
What is the value of 14 + -21 + 6 + (1 - -5)?
5
Evaluate (0 - 5) + -34 + 35.
-4
Evaluate 8 - (2 + -5 + 13).
-2
What is (8 - (6 - (-5 - -8))) + 2?
7
What is (-10 - -3) + (5 - -1)?
-1
Evaluate (-3 + -10 - -11) + -6.
-8
1 + -7 + (-3 - -4) + 0
-5
What is (-1 - (8 + -6)) + 9 + -1?
5
What is 7 + (-12 - (-6 + 0))?
1
Calculate -4 + 9 + -7 + (1 - 2).
-3
Evaluate -2 - (-1 - 1 - 0 - 1).
1
Calculate 4 + -8 - (-2 - (4 + -5)).
-3
What is the value of -3 + (9 - -7) + -11 + 2?
4
What is the value of (1 - 0) + (1 - (7 - 5))?
0
-5 + -2 + 1 + 4 - -6
4
What is the value of 3 - (0 - (7 - 16))?
-6
What is the value of -34 + 41 + (-1 - 3) + 4?
7
1 + 2 - (1 + 3) - 4
-5
What is 2 + (-6 - -7) + -6?
-3
Calculate 6 + (4 - 6 - 3).
1
What is the value of (-5 + 0 - 4) + 5 + 6?
2
Evaluate (1 - 0) + 3 + 7 + -5.
6
-5 + -1 + 8 + -4
-2
What is ((-5 - -2) + 6 - 15) + 6?
-6
Calculate -7 - (1 - 6) - 2.
-4
What is 0 + (4 - (2 - -5 - 2))?
-1
Evaluate -5 - ((2 - 2) + -3).
-2
What is -1 + 4 - (0 - -1)?
2
What is -3 + -6 + 6 + -3 + 5?
-1
Calculate 36 - 41 - (0 + -4).
-1
-4 - (5 - -10 - 12)
-7
Evaluate -5 + 12 + (2 - 7).
2
What is 1 - (0 + (1 - -1))?
-1
What is -7 - (-4 - (-5 + 13))?
5
What is the value of 1 - (0 + 9 + -3)?
-5
What is the value of (-1 + -1 - 1) + -1 + 2?
-2
What is the value of 0 + (1 - (4 - 6))?
3
-7 - ((-3 - 6) + 5 + 5)
-8
1 - 1 - (0 - 3 - -6)
-3
What is 7 + (-4 - -13) + -7?
9
(-8 - (3 + -6)) + 7
2
What is the value of (0 - -1) + 3 - (53 - 56)?
7
What is -1 + -1 + (14 - 8) - -1?
5
Calculate (0 - 0) + (2 - -6) + -16.
-8
What is 1 + 2 + 2 + (-23 - -20)?
2
What is the value of (8 - 4) + 4 - 6?
2
What is the value of -4 + 16 - 5 - 4?
3
Evaluate (-10 - -11 - 4) + -2.
-5
What i